{"id":1234,"date":"2016-06-13T18:55:21","date_gmt":"2016-06-13T17:55:21","guid":{"rendered":"http:\/\/dressler-hassloch.de\/?page_id=1234"},"modified":"2025-01-27T12:04:28","modified_gmt":"2025-01-27T11:04:28","slug":"internetcafe-fuer-senioren-ics","status":"publish","type":"page","link":"https:\/\/dressler-hassloch.de\/?page_id=1234","title":{"rendered":"Internetcafe f\u00fcr Senioren (ICS)"},"content":{"rendered":"\n<p>Das Internetcafe f\u00fcr Senioren (ICS) ist eine Einrichtung des Seniorenbeirats der Gemeinde Ha\u00dfloch.<\/p>\n\n\n\n<p class=\"has-text-align-left\"><strong>Ort: Gro\u00dfer Saal oder Bistro im Kulturviereck (K4), Gillergasse 14, 67454 Ha\u00dfloch.<\/strong><br><strong>Wann: W\u00f6chentlich Mittwochs Nachmittags von 14:00 bis 16:00\/17:00<mark style=\"background-color:rgba(0, 0, 0, 0)\" class=\"has-inline-color has-dark-gray-color\"><\/mark><\/strong><\/p>\n\n\n\n<p>Stand 01.01.2025<\/p>\n\n\n\n<p>Im ICS kann man alle Fragen rund um PC, Laptop, Tablet und Smartphone stellen. Wir bem\u00fchen uns m\u00f6glichst viele davon gut zu beantworten. Man kann\/sollte eigene mobile Ger\u00e4te mitbringen, wir haben Freifunk-WLAN. Manche Fragen kann man nur direkt am Ger\u00e4t beantworten, denn jedes Ger\u00e4t ist etwas anders.<\/p>\n\n\n\n<p>Wenn man die Pr\u00e4senz im K4 aus irgendwelchen Gr\u00fcnden scheut oder meiden m\u00f6chte, kann man uns nat\u00fcrlich auch einfach telefonisch kontaktieren.<\/p>\n\n\n\n<p>Genaue Infos im B\u00fcrgerblatt oder auf der Homepage der Gemeinde Ha\u00dfloch.<\/p>\n\n\n\n<p>Ansprechpartner: Otto Messer, Tel.: 0162-4853517<\/p>\n\n\n\n<p>oder info@dressler-hassloch.de, Tel.: 06324-989433<\/p>\n","protected":false},"excerpt":{"rendered":"<p>Das Internetcafe f\u00fcr Senioren (ICS) ist eine Einrichtung des Seniorenbeirats der Gemeinde Ha\u00dfloch. Ort: Gro\u00dfer Saal oder Bistro im Kulturviereck (K4), Gillergasse 14, 67454 Ha\u00dfloch.Wann: W\u00f6chentlich Mittwochs Nachmittags von 14:00 bis 16:00\/17:00 Stand 01.01.2025 Im ICS kann man alle Fragen rund um PC, Laptop, Tablet und Smartphone stellen. Wir bem\u00fchen uns m\u00f6glichst viele davon gut [&hellip;]<\/p>\n","protected":false},"author":1,"featured_media":0,"parent":0,"menu_order":0,"comment_status":"open","ping_status":"open","template":"","meta":[],"_links":{"self":[{"href":"https:\/\/dressler-hassloch.de\/index.php?rest_route=\/wp\/v2\/pages\/1234"}],"collection":[{"href":"https:\/\/dressler-hassloch.de\/index.php?rest_route=\/wp\/v2\/pages"}],"about":[{"href":"https:\/\/dressler-hassloch.de\/index.php?rest_route=\/wp\/v2\/types\/page"}],"author":[{"embeddable":true,"href":"https:\/\/dressler-hassloch.de\/index.php?rest_route=\/wp\/v2\/users\/1"}],"replies":[{"embeddable":true,"href":"https:\/\/dressler-hassloch.de\/index.php?rest_route=%2Fwp%2Fv2%2Fcomments&post=1234"}],"version-history":[{"count":9,"href":"https:\/\/dressler-hassloch.de\/index.php?rest_route=\/wp\/v2\/pages\/1234\/revisions"}],"predecessor-version":[{"id":3289,"href":"https:\/\/dressler-hassloch.de\/index.php?rest_route=\/wp\/v2\/pages\/1234\/revisions\/3289"}],"wp:attachment":[{"href":"https:\/\/dressler-hassloch.de\/index.php?rest_route=%2Fwp%2Fv2%2Fmedia&parent=1234"}],"curies":[{"name":"wp","href":"https:\/\/api.w.org\/{rel}","templated":true}]}}